{"id":7528,"date":"2026-04-26T02:02:56","date_gmt":"2026-04-26T00:02:56","guid":{"rendered":"https:\/\/soundsystems.proel.com\/prodotto\/flash5av2-diffusore-attivo-processato-a-2-vie\/"},"modified":"2026-04-26T02:02:58","modified_gmt":"2026-04-26T00:02:58","slug":"flash5av2-diffusore-attivo-processato-a-2-vie","status":"publish","type":"product","link":"https:\/\/soundsystems.proel.com\/it\/prodotto\/flash5av2-diffusore-attivo-processato-a-2-vie\/","title":{"rendered":"Diffusore attivo processato a 2 vie"},"content":{"rendered":"<table border=\"0\" cellpadding=\"0\" cellspacing=\"0\" style=\"width: 400px;\">\n<tbody>\n<tr>\n<td>\n<table border=\"0\" cellpadding=\"0\" cellspacing=\"0\" style=\"width:417px;\" width=\"417\">\n<colgroup>\n<col \/>\n<col \/>\t\t\t\t<\/colgroup>\n<tbody>\n<tr height=\"21\">\n<td height=\"21\" style=\"height:21px;\">System type<\/td>\n<td>2-way vented enclosure<\/td>\n<\/tr>\n<tr height=\"42\">\n<td height=\"42\" style=\"height:42px;\">High Frequency Device<\/td>\n<td style=\"width:204px;\">Soft dome tweter on elliptical waveguide<\/td>\n<\/tr>\n<tr height=\"21\">\n<td height=\"21\" style=\"height:21px;\">Low Frequency Device<\/td>\n<td>5\u201d woofer with PP cone<\/td>\n<\/tr>\n<tr height=\"21\">\n<td height=\"21\" style=\"height:21px;\">Angular Coverage<\/td>\n<td>90\u00b0 H x 60\u00b0 V<\/td>\n<\/tr>\n<tr height=\"21\">\n<td height=\"21\" style=\"height:21px;\">Total peak power<\/td>\n<td>200 W<\/td>\n<\/tr>\n<tr height=\"21\">\n<td height=\"21\" style=\"height:21px;\">HF Amplifier Continuous Power<\/td>\n<td>20 W Class AB<\/td>\n<\/tr>\n<tr height=\"21\">\n<td height=\"21\" style=\"height:21px;\">LF Amplifier Continuous Power<\/td>\n<td>80 W Class D<\/td>\n<\/tr>\n<tr height=\"21\">\n<td height=\"21\" style=\"height:21px;\">Power Supply<\/td>\n<td>Linear<\/td>\n<\/tr>\n<tr height=\"21\">\n<td height=\"21\" style=\"height:21px;\">Processing<\/td>\n<td>Analog<\/td>\n<\/tr>\n<tr height=\"21\">\n<td height=\"21\" style=\"height:21px;\">Frequency Response<\/td>\n<td>70 Hz &#8211; 20 kHz<\/td>\n<\/tr>\n<tr height=\"21\">\n<td height=\"21\" style=\"height:21px;\">Max SPL<\/td>\n<td>114<\/td>\n<\/tr>\n<tr height=\"42\">\n<td height=\"42\" style=\"height:42px;\">Connectors<\/td>\n<td style=\"width:204px;\">IN\/LINK: XLR F, 1\/4&#8243; JACK,\u00a02 x RCA<\/td>\n<\/tr>\n<tr height=\"63\">\n<td height=\"63\" style=\"height:63px;\">Controls<\/td>\n<td style=\"width:204px;\">LEVEL, NEARFILED\/MIDFIELD,\u00a0 GND LIFT<\/td>\n<\/tr>\n<tr height=\"21\">\n<td height=\"21\" style=\"height:21px;\">Power Supply<\/td>\n<td>230 VAC or 120 VAC 50\/60 Hz<\/td>\n<\/tr>\n<tr height=\"21\">\n<td height=\"21\" style=\"height:21px;\">Weight<\/td>\n<td>3.6 kg (7.9 lb)<\/td>\n<\/tr>\n<tr height=\"21\">\n<td height=\"21\" style=\"height:21px;\">Monitor Taper<\/td>\n<td>42\u00b0\u00a0<\/td>\n<\/tr>\n<tr height=\"21\">\n<td height=\"21\" style=\"height:21px;\">Flying System<\/td>\n<td>3 x M6 &#8211; top\/bottom<\/td>\n<\/tr>\n<tr height=\"21\">\n<td height=\"21\" style=\"height:21px;\">Construction<\/td>\n<td style=\"width:204px;\">Polypropylene<\/td>\n<\/tr>\n<tr height=\"21\">\n<td height=\"21\" style=\"height:21px;\">Cabinet Colour<\/td>\n<td>Black\/White<\/td>\n<\/tr>\n<tr height=\"21\">\n<td height=\"21\" style=\"height:21px;\">Dimensions (W x H x D)<\/td>\n<td>175 x 265 x 176.5 mm<\/td>\n<\/tr>\n<\/tbody>\n<\/table>\n<\/td>\n<\/tr>\n<\/tbody>\n<\/table>\n<p>\u00a0<\/p>\n","protected":false},"excerpt":{"rendered":"<p>FLASH5 \u00e8 l&#8217;ultimo nato di questa serie di successo di sistemi di altoparlanti PROEL. Condividendo lo stesso design elegante, ingegneria hi-tech e qualit\u00e0 audio superiore della famiglia FLASH, FLASH5 \u00e8 il modello pi\u00f9 compatto della serie, progettato per una variet\u00e0 di applicazioni, dove sono necessari speaker ultra-compatti a banda estesa.<\/p>\n<ul>\n<li>Sistema a due vie attivo<\/li>\n<li>Tweeter a cupola studio-grade su guida d&#8217;onda ellittica<\/li>\n<li>Woofer da 5\u201d con cono in polipropilene<\/li>\n<li>200 W totali di picco<\/li>\n<li>Amplificatore da 20W continui in classe AB per le frequenze alte<\/li>\n<li>Amplificatore da 180W continui in classe D per le frequenze basse<\/li>\n<li>Connettori di ingresso XLR-F, 1\/4&#8242; JACK e doppio RCA<\/li>\n<li>2 PRESETS di equalizzazione diponibili (MIDFIELD \/ NEARFIELD)<\/li>\n<li>Doppio CLIP LIMITER<\/li>\n<li>SPL MAX 114 dB<\/li>\n<li>Cabinet leggero in polipropilene con esteso sistema di costolature interne<\/li>\n<li>Forma trapezoidale simmetrica per l&#8217;utilizzo come monitor da palco<\/li>\n<li>Comoda maniglia sul lato superiore<\/li>\n<li>3 punti di aggancio M6<\/li>\n<\/ul>\n","protected":false},"featured_media":9696,"template":"","meta":{"_acf_changed":false},"product_brand":[],"product_cat":[74,245,480,69],"product_tag":[27],"class_list":{"0":"post-7528","1":"product","2":"type-product","3":"status-publish","4":"has-post-thumbnail","6":"product_cat-loudspeakers","7":"product_cat-flash-series","8":"product_cat-legacy-loudspeakers","9":"product_cat-sound-systems","10":"product_tag-legacy","12":"first","13":"instock","14":"product-type-simple"},"acf":[],"_links":{"self":[{"href":"https:\/\/soundsystems.proel.com\/it\/wp-json\/wp\/v2\/product\/7528","targetHints":{"allow":["GET"]}}],"collection":[{"href":"https:\/\/soundsystems.proel.com\/it\/wp-json\/wp\/v2\/product"}],"about":[{"href":"https:\/\/soundsystems.proel.com\/it\/wp-json\/wp\/v2\/types\/product"}],"wp:featuredmedia":[{"embeddable":true,"href":"https:\/\/soundsystems.proel.com\/it\/wp-json\/wp\/v2\/media\/9696"}],"wp:attachment":[{"href":"https:\/\/soundsystems.proel.com\/it\/wp-json\/wp\/v2\/media?parent=7528"}],"wp:term":[{"taxonomy":"product_brand","embeddable":true,"href":"https:\/\/soundsystems.proel.com\/it\/wp-json\/wp\/v2\/product_brand?post=7528"},{"taxonomy":"product_cat","embeddable":true,"href":"https:\/\/soundsystems.proel.com\/it\/wp-json\/wp\/v2\/product_cat?post=7528"},{"taxonomy":"product_tag","embeddable":true,"href":"https:\/\/soundsystems.proel.com\/it\/wp-json\/wp\/v2\/product_tag?post=7528"}],"curies":[{"name":"wp","href":"https:\/\/api.w.org\/{rel}","templated":true}]}}

<p>FLASH5 è l&#8217;ultimo nato di questa serie di successo di sistemi di altoparlanti PROEL. Condividendo lo stesso design elegante, ingegneria hi-tech e qualità audio superiore della famiglia FLASH, FLASH5 è il modello più compatto della serie, progettato per una varietà di applicazioni, dove sono necessari speaker ultra-compatti a banda estesa.</p>
<ul>
<li>Sistema a due vie attivo</li>
<li>Tweeter a cupola studio-grade su guida d&#8217;onda ellittica</li>
<li>Woofer da 5” con cono in polipropilene</li>
<li>200 W totali di picco</li>
<li>Amplificatore da 20W continui in classe AB per le frequenze alte</li>
<li>Amplificatore da 180W continui in classe D per le frequenze basse</li>
<li>Connettori di ingresso XLR-F, 1/4&#8242; JACK e doppio RCA</li>
<li>2 PRESETS di equalizzazione diponibili (MIDFIELD / NEARFIELD)</li>
<li>Doppio CLIP LIMITER</li>
<li>SPL MAX 114 dB</li>
<li>Cabinet leggero in polipropilene con esteso sistema di costolature interne</li>
<li>Forma trapezoidale simmetrica per l&#8217;utilizzo come monitor da palco</li>
<li>Comoda maniglia sul lato superiore</li>
<li>3 punti di aggancio M6</li>
</ul>
